ulate the highest common divisor of 38 and h.
38
Let j(h) = h**2 + 24*h + 452. Let v be j(-26). Calculate the highest common factor of v and 2583.
63
Let w be 7/(1144/(-80) + 15). What is the greatest common divisor of 4050 and w?
10
Suppose -3*d = -5*q - 4*d + 14, 0 = -2*q - 3*d + 16. Suppose 87 = q*s - 5*h, -4*h - 48 = -s - 0*h. Calculate the highest common factor of s and 90.
18
Suppose -39*f - 23*f + 5520 = -16*f. Let k be 678/15 - (-2)/(-10). What is the highest common divisor of k and f?
15
Let s(f) = 6*f**2 + 134*f + 1224. Let r be s(-9). What is the highest common factor of r and 360?
72
Suppose 20*t = 53*t - 46*t + 35438. Calculate the highest common divisor of 116 and t.
58
Let h(p) = 195*p + 1907. Let i be h(6). Calculate the highest common factor of i and 34.
17
Let n = 62 + -40. Suppose q - 64 - n = 0. Let d be q + -3 + 1 + 1. What is the highest common factor of d and 17?
17
Suppose -23*y + 58 = 12. Suppose -y*b + 10 = 0, -4 = -2*i + 3*b + 121. What is the highest common factor of i and 15?
5
Let u = -21 + 24. Suppose -244 = 10*n - 64. Let s = 21 + n. Calculate the greatest common factor of u and s.
3
Let h(t) = -8295*t + 82964. Let u be h(10). Let n = -217 - -315. Suppose 3*r = r + n. Calculate the greatest common divisor of u and r.
7
Let v(w) = 8*w + 109. Let n be v(-12). Let r(i) = -7*i + 182. Let a be r(n). Suppose 3*h + h = 104. Calculate the highest common divisor of h and a.
13
Suppose 0 = 39*l - 252*l + 8414991. Calculate the greatest common divisor of 39 and l.
39
Let a be 4/(-52) + (-3 - (-26420)/52). What is the greatest common factor of 7979 and a?
101
Suppose 174519 = -45*v + 174744. Let b be -1 - -68 - (-2)/(-1). Calculate the highest common factor of b and v.
5
Let v = 1769 + -1689. Calculate the highest common factor of v and 20.
20
Suppose 2*y - p - 545 = 0, -4*y + p + 863 = -230. Suppose -2*l + y = 3*h, 2*l - 23 + 117 = h. What is the greatest common factor of h and 69?
23
Let q be ((-10)/(-6))/((-115)/(-414)). Let c be ((10 - q) + 18)*(-1 - -7). Calculate the highest common factor of 12 and c.
12
Suppose 149*l - 17723 - 23308 - 33469 = 0. Calculate the greatest common factor of l and 4.
4
Let o be 1458/(-8)*372/(-279). Suppose 4*d = -f + 5 + 110, 2*d = -3*f + 395. What is the highest common factor of o and f?
27
Suppose 12*z - 4 = -88. Let w be 2 + 2 - z - 3/(-1). What is the greatest common divisor of 266 and w?
14
Let d(y) = y**2 + 19*y - 1867. Let t be d(-57). What is the greatest common factor of t and 975?
13
Let l be (243/(-108))/(5/(-300)). What is the greatest common divisor of l and 20?
5
Let z = -1229 + 2858. Calculate the greatest common divisor of 18 and z.
9
Suppose -1560*d + 1576*d - 199392 = 0. What is the highest common factor of d and 12?
6
Suppose -3*u + y + 65 = 2*u, 0 = -y. Let h = -111 + 119. Suppose 14*x + h = 22*x. What is the greatest common divisor of x and u?
1
Let k be ((-148)/(-3))/((-348)/(-6003)). What is the highest common factor of k and 92?
23
Let n be 746/22 - (-5)/55. Calculate the highest common divisor of 2074 and n.
34
Let b = -387 + 931. Let t = b + -403. Calculate the greatest common factor of t and 47.
47
Let x = -134 - -604. Let n be x/3 + (-6)/9. Suppose 52*g - 17*g - 420 = 0. What is the highest common factor of n and g?
12
Suppose 3*g - g - 307 = -3*s, -g - 3*s = -155. Let t be -9 - (9 - (-1 + 8))*-14. Calculate the greatest common divisor of g and t.
19
Let g = 5986 - 5812. Calculate the greatest common factor of g and 31494.
174
Let d be (4 - (-2 + -9 + 3 + 4)) + 4. What is the greatest common divisor of 11436 and d?
12
Let h be (2/3)/((-8)/492 + 0). Let u = -36 - h. Let n be 220/u + 4*-1. Calculate the greatest common factor of 8 and n.
8
Suppose 20*z + 924 = 95*z + 9*z. Let j be 6/4*2/1. Calculate the greatest common factor of j and z.
1
Let h be 0/((-5)/(-5)) + 1. Let a be (-322)/(-84) + h/(6/1). Suppose -a*d = 6 - 66. Calculate the highest common divisor of d and 3.
3
Suppose 0 = -19*l + 928 + 338 + 653. Calculate the highest common factor of 4343 and l.
101
Let j(y) = -5*y**2 + 8*y + 4. Let q be j(2). Let x be (1141 - q) + 14/(-7). Calculate the greatest common factor of 17 and x.
17
Let s be 58*((-35)/(-10) - 3). Let i be 0*2/(-4)*2. Suppose 5*l - 4*t + s - 381 = i, 150 = 2*l + 3*t. What is the highest common factor of l and 8?
8
Suppose 3*b = -t + 14, 2*b - b = -2. Let c = 37 - t. Let d be 50/3 - (-1)/3. Calculate the highest common divisor of c and d.
17
Let t(g) = -47*g - 8. Let s be t(-4). Let v = 310 - s. What is the highest common divisor of v and 52?
26
Let c = 135 + -129. Suppose -5*p + m + 38 = 8, -m = -p + c. What is the greatest common divisor of 258 and p?
6
Suppose 6*v + 1540 = 10*v. Suppose 5*k = 3*p + v, 2*k - 4*p - 135 = p. Calculate the highest common divisor of 48 and k.
16
Let u be (-1)/(-2)*((-224)/(-7) - 30) - -3. Suppose 243 = 3*t - 189. Calculate the greatest common factor of t and u.
4
Let h(g) = 427*g - 1261. Let p be h(3). What is the greatest common divisor of p and 34660?
20
Let d be (0 - 4/6)*399/(-38). Suppose -9*j = d*j - 48. Calculate the greatest common factor of 2 and j.
1
Suppose 3*h - 30 = -5*v + 136, -2*v - h + 67 = 0. Let u be (192/144)/(2/420). What is the greatest common factor of v and u?
35
Suppose 2*f + 5*b = 1134, -7*f + 2*b = -2*f - 2835. Let i = f - 227. Calculate the greatest common divisor of i and 20.
20
Let k be 819/6 + (-21)/14. Let x = k - 3. Suppose 4*m - x = n + n, 4*n = -4*m + 120. What is the highest common factor of m and 16?
16
Let n be 2*5/15 - 16/(-3). Suppose -n*w + 4*w = 0. Let l be 77/22*(w - -30). What is the greatest common divisor of 21 and l?
21
Suppose 20*t + 322423 = 530131 + 414952. What is the highest common factor of t and 191?
191
Let r(x) = 7*x**2 - 2*x - x**3 + 6*x**2 - 14*x**2 + 6. Suppose -l + 6*l = -2*l. Let b be r(l). Calculate the greatest common divisor of 9 and b.
3
Let f(j) = j - 1. Let c be f(2). Let n(o) = 7*o - 3*o - 2*o + 3 - 5*o + 32*o**2. Let v be n(c). What is the highest common divisor of v and 8?
8
Let y be -3*10*(-6)/10. Let c be (y + ((-4)/(-4))/(-1))*1. Suppose -m - 34 = -119. What is the greatest common factor of m and c?
17
Let q = 62 + -59. Suppose -g = f + 1, g = 2*f - q*g + 14. Let w be 49 - f/15*0. What is the highest common divisor of w and 147?
49
Suppose -1806 = -8*s - 686. Let k = -129 + s. What is the greatest common divisor of 275 and k?
11
Let p(l) = 38*l + 2. Let u be p(6). Suppose 4*v + 2*b - 128 = 0, v - 43*b = -39*b + 14. What is the highest common divisor of u and v?
10
Suppose 5*k = -2*s + 340, 0*s - 2*s = 2*k - 142. Suppose k = 5*i - 34. Let d(w) = 5*w**2. Let a be d(-1). What is the greatest common factor of a and i?
5
Let w = 28225 + -28207. What is the greatest common factor of w and 158?
2
Let i = 17583 + -15027. What is the greatest common factor of 994 and i?
142
Suppose 0 = 4*z - 3*g + 267, -5*g - 25 = -10. Let t = -65 - z. Suppose 114 - 18 = t*l. Calculate the greatest common factor of 24 and l.
24
Let s(x) = -x**3 + 6*x**2 + 15*x + 24. Let h be s(10). Let j = -213 - h. What is the highest common divisor of 143 and j?
13
Let q be 1 + 33*(-20)/(-12). Suppose -103*v = -75*v - 896. What is the highest common factor of v and q?
8
Let l = -168 + 197. Suppose -l + 95 = 2*b. Calculate the highest common factor of 44 and b.
11
Suppose 5*i - 5 = -5*d + 55, -i - 4*d + 21 = 0. Suppose -41536 - 12964 = 21*c - 239*c. Suppose -c + 7 = -i*m. Calculate the highest common divisor of m and 3.
3
Let m(b) = 12*b**2 - 4*b - 4. Let o be m(-3). Suppose -6*q - 4*r + 278 = -4*q, 2*q - 3*r - 299 = 0. What is the greatest common divisor of q and o?
29
Suppose 15*c - 559 + 154 = 0. Let a(n) = 65*n - 29. Let w be a(10). Calculate the greatest common factor of w and c.
27
Let n be (((-27216)/(-140))/1)/((-8)/(-30)). Calculate the greatest common factor of n and 3.
3
Suppose -4*g = -3*g + 4*p + 1, 5*p = 5. Let u be (g - -9) + -6 + 81. What is the highest common divisor of 158 and u?
79
Let w be ((-40)/(-4))/((-4 - 0)/(-2)). Suppose -2*r + w*p + 100 = p, 0 = -3*p + 9. Calculate the highest common factor of 21 and r.
7
Let a = -12083 + 12084. Suppose 5*o - 38 = 17. Calculate the greatest common factor of o and a.
1
Let t(c) = -16*c + 295. Let x be t(16). Let f(q) =